base 10, what is 249629 - 5?
249624
In base 8, what is 72734 + -1?
72733
In base 7, what is 5 - -12326?
12334
In base 9, what is 0 + 74688?
74688
In base 4, what is 11223020 - 11300?
11211120
In base 16, what is d - 5c84?
-5c77
In base 12, what is 11518 - 3?
11515
In base 10, what is -757 + 1?
-756
In base 16, what is 22382 + -2?
22380
In base 12, what is -a06 - 27?
-a31
In base 12, what is -652 - -43?
-60b
In base 16, what is -484413 + 0?
-484413
In base 6, what is -1345331 + 1?
-1345330
In base 3, what is 120200100 - 101?
120122222
In base 7, what is -6 + -11105?
-11114
In base 10, what is 7312 - 73?
7239
In base 11, what is -349 + 15?
-334
In base 9, what is 135458 + 4?
135463
In base 9, what is -110207 + 3?
-110204
In base 5, what is -13 + 2310342?
2310324
In base 12, what is a - -3005?
3013
In base 12, what is -34b87 + 0?
-34b87
In base 8, what is -7 - 45233?
-45242
In base 16, what is 37e5f - -4?
37e63
In base 13, what is -111 + -173?
-284
In base 10, what is 1047 + -116?
931
In base 13, what is -2a + -16c3?
-1720
In base 3, what is -11 + 10222000100?
10222000012
In base 4, what is 10333102 - 1003?
10332033
In base 7, what is 3030145 - 4?
3030141
In base 12, what is 1 - 675?
-674
In base 9, what is 1 - 4575?
-4574
In base 6, what is -1 + -132502?
-132503
In base 8, what is -1041120 + -2?
-1041122
In base 10, what is -953 - 337?
-1290
In base 4, what is -1 - -10211211?
10211210
In base 12, what is 0 + -101562?
-101562
In base 16, what is -1 - 46a6?
-46a7
In base 16, what is 13 + -24bc?
-24a9
In base 14, what is 16ccd8 + -1?
16ccd7
In base 11, what is 42a + -2827?
-23a8
In base 8, what is 2532 - -27?
2561
In base 10, what is 3529 - -65?
3594
In base 9, what is -133 + 4812?
4668
In base 10, what is -85 + 612?
527
In base 11, what is 144 + 65?
1a9
In base 8, what is -42175 - -253?
-41722
In base 16, what is -10b51 + -61?
-10bb2
In base 2, what is -10111011 - 100?
-10111111
In base 8, what is 43 + 3556?
3621
In base 2, what is -1111000000010000001 - -1000?
-1111000000001111001
In base 8, what is 1 + -5334?
-5333
In base 6, what is -3112255 + 5?
-3112250
In base 5, what is 2313 - 21202?
-13334
In base 11, what is 11 - -8241?
8252
In base 11, what is -68 + 1a40?
1983
In base 4, what is 322133 - 213?
321320
In base 11, what is 6 - 27a890?
-27a885
In base 15, what is 17a552 - 2?
17a550
In base 5, what is -22322233 + -3?
-22322241
In base 3, what is 2 + -2002222121?
-2002222112
In base 2, what is -1111011111 + -111?
-1111100110
In base 12, what is a6 + 8b?
175
In base 14, what is 3 - 135d10?
-135d0b
In base 8, what is -56 - -134532?
134454
In base 15, what is 5 - 172d?
-1728
In base 4, what is -30303001 + 213?
-30302122
In base 9, what is -2481372 - -4?
-2481367
In base 2, what is 101111010110 - 10100011?
101100110011
In base 2, what is -100 + -11001000010001010101?
-11001000010001011001
In base 11, what is a2 + 57?
149
In base 4, what is -120033 - -102?
-113331
In base 14, what is -499 - -36c?
-12b
In base 13, what is -15263 + 7?
-15259
In base 2, what is 100 - 101100010100000?
-101100010011100
In base 13, what is -466 + -200?
-666
In base 8, what is -5 + -747125?
-747132
In base 5, what is -1023410 + -33?
-1023443
In base 5, what is -1 - 120121?
-120122
In base 4, what is -3310 - 200?
-10110
In base 10, what is -4 + 113819?
113815
In base 6, what is 505253 - 2?
505251
In base 11, what is -1a0 - -106?
-95
In base 6, what is -20534303 + -2?
-20534305
In base 14, what is 2 + 5874c?
58750
In base 2, what is -1010100100100001001011 + -1?
-1010100100100001001100
In base 8, what is 1452214 + -5?
1452207
In base 15, what is -1 + 500e?
500d
In base 4, what is -1202 + 1213012?
1211210
In base 14, what is -2260b - 4?
-22611
In base 8, what is -1037124 - 5?
-1037131
In base 9, what is 4 - -762666?
762671
In base 8, what is -113 - -7172?
7057
In base 2, what is 10100101111100001 - 10?
10100101111011111
In base 12, what is 67 + 598?
643
In base 6, what is 13005 - 30?
12535
In base 8, what is -61265 - 20?
-61305
In base 11, what is -85683 - -5?
-85679
In base 14, what is 2a1 - 6c?
233
In base 8, what is 4275342 - 3?
4275337
In base 8, what is 3325 + -13?
3312
In base 8, what is -1502 + -341?
-2043
In base 12, what is -2041 + 10?
-2031
In base 2, what is 11 - 11110110010?
-11110101111
In base 13, what is -86c652 - -5?
-86c64a
In base 7, what is 34660 - -32?
35022
In base 15, what is 7b545 - 0?
7b545
In base 7, what is 23126 - 11?
23115
In base 3, what is 111002222 + 222?
111010221
In base 7, what is -5 - 100454?
-100462
In base 16, what is 2 + 2189?
218b
In base 9, what is 136735 - -8?
136744
In base 15, what is 394e6 + 5?
394eb
In base 14, what is d1 - -7c6b?
7d5c
In base 12, what is -5 + -b9444?
-b9449
In base 2, what is -101 - -10111101011010?
10111101010101
In base 9, what is 2263370 + -4?
2263365
In base 16, what is ca + -414b?
-4081
In base 9, what is -2 - -53140?
53137
In base 8, what is 624065 - 0?
624065
In base 9, what is 17 - -136842?
136860
In base 13, what is -83789 + 4?
-83785
In base 9, what is -6262 - -56?
-6205
In base 8, what is 1 - -27212?
27213
In base 15, what is -10c64 - -3?
-10c61
In base 3, what is -201102202 + 22?
-201102110
In base 9, what is 1 - -215743?
215744
In base 3, what is 2 - -1200012?
1200021
In base 3, what is -2222021 + 110?
-2221211
In base 16, what is -aa + -e3?
-18d
In base 15, what is -379 + -24?
-39d
In base 9, what is 222 - 220?
2
In base 9, what is -18182 + -2?
-18184
In base 3, what is 2022100121 + -220?
2022022201
In base 5, what is 4 + 224140023?
224140032
In base 10, what is 2 - 17904?
-17902
In base 4, what is 3111320 + 10?
3111330
In base 13, what is -2 - 14a0?
-14a2
In base 15, what is 4 + 7622?
7626
In base 3, what is -1012 + 212100?
211011
In base 9, what is 414350 - 2?
414347
In base 2, what is 1110000 - -10111010?
100101010
In base 6, what is 3 - 10355?
-10352
In base 12, what is 368b + 4a?
3719
In base 5, what is -42044 - -4?
-42040
In base 9, what is 480 + -3627?
-3137
In base 6, what is 120 + 441?
1001
In base 2, what is -11001011101001010 + 1?
-11001011101001001
In base 4, what is 221123303 + 3?
221123312
In base 7, what is -45 + 125016?
124641
In base 16, what is 5 + 169bbc?
169bc1
In base 13, what is 29 + -1b70?
-1b44
In base 7, what is -1 - 41153?
-41154
In base 5, what is 2 + -240244?
-240242
In base 8, what is 64 + -551567?
-551503
In base 16, what is 4b04aa - 5?
4b04a5
In base 12, what is 2 + -a483?
-a481
In base 13, what is 7a46 + -4?
7a42
In base 9, what is 628 + -651?
-22
In base 3, what is 12 - -1220221?
1221010
In base 8, what is 16350 - 0?
16350
In base 4, what is 131 - 22023?
-21232
In base 15, what is 18e5 - -38?
192d
In base 7, what is 0 - -164253?
164253
In base 5, what is -4 + -2031322?
-2031331
In base 4, what is 133 - -100231?
101030
In base 15, what is 21ee05 + -5?
21ee00
In base 4, what is 103131301 + -13?
103131222
In base 9, what is -4175 + -50?
-4235
In base 3, what is -22122202 - -12?
-22122120
In base 2, what is -110101000001111 + 0?
-110101000001111
In base 5, what is -2 - -104303001?
104302444
In base 6, what is 1314 + -12135?
-10421
In base 2, what is -101110111011 + 11001100?
-101011101111
In base 14, what is 96 + 37?
cd
In base 8, what is -7723 - -2?
-7721
In base 11, what is 1001 - -40?
1041
In base 4, what is 2 + -113112031?
-113112023
In base 15, what is -4 - 35140?
-35144
In base 7, what is 101432 + 5?
101440
In base 12, what is -1b5 + -5bb2?
-61a7
In base 2, what is -11011111010011 - -100111?
-11011110101100
In base 6, what is 2 - -2513345?
2513351
In base 9, what is -25435 - -151?
-25274
In base 5, what is 421114302 - 4?
421114243
In base 15, what is e87a2 - 1?
e87a1
In base 7, what is 445 + 15?
463
In base 16, what is -142 + -ab?
-1ed
In base 5, what is 23000202 - -2?
23000204
In base 12, what is -53a38 - -2?
-53a36
In base 8, what is -3266042 + 2?
-3266040
In base 11, what is 58 - -22a0a?
22a67
In base 16, what is -f4e3 + -6?
-f4e9
In base 9, what is -108363 + 38?
-108324
In base 11, what is 12 - -380a4?
38106
In base 4, what is 202123 + -133?
201330
In base 16, what is -2ac - 9?
-2b5
In base 4, what is 1 + -23032213?
-23032212
In base 10, what is -70 + -7110?
-7180
In base 15, what is -46cd + -2?
-46d0
In base 3, what is 10212 + 212222?
1000211
In base 12, w